et k = 62 - m. Let x(h) = 3*h + 15. What is x(k)?
-3
Let q(b) = -b**2 - 18 - 15*b - 2*b**2 + 2*b**2. Let o(a) = -2*a**3 + 5*a**2 - 17*a + 48. Let g be o(3). Determine q(g).
18
Suppose 4*v - 6 = -2*x, 0 = -6*x + 11*x - 5. Let g(i) = -4*i**3 - i**2 - 7*i + 7. Let a be g(v). Let y(n) = -n**3 - 4*n**2 + 3*n - 7. Calculate y(a).
3
Let r(y) = y**2 - 4*y - 19. Let o be (-4)/(14 - 377/26). What is r(o)?
13
Let c(r) be the first derivative of -1/2*r**2 + r + 40. Determine c(11).
-10
Let y be (6/9)/((-4)/18). Let x(i) be the second derivative of i**4/12 + 2*i**3/3 - i**2 + i - 4291. Give x(y).
-5
Let v(g) = -8*g - 63. Let c = 123 + -130. Let s be v(c). Let n(w) = w**3 + 8*w**2 + 6*w - 8. Give n(s).
-1
Let i(y) = 6 - 9 - 23 + 7*y - 3. Give i(10).
41
Let z(y) = -y. Let c = 413 + -410. Suppose 4*f - 2*m + 26 = -0*f, -m = -c. Calculate z(f).
5
Let u = 1213/3645 - -2/3645. Let k(b) be the third derivative of 8*b**2 + 0 + 0*b**3 - u*b**4 + 0*b. What is k(1)?
-8
Let t(j) = 14*j + 12. Let f be (-2)/6 + (-5)/(-30)*14/7. Determine t(f).
12
Let b(l) be the second derivative of -1/2*l**3 + 177*l + 0 + 1/20*l**5 + 2*l**2 + 0*l**4. Calculate b(3).
22
Suppose w - 2*v = 1, -3*v + 0 = w - 6. Let x(q) be the third derivative of 8/3*q**w + 0 - 1/24*q**4 + 15*q**2 + 0*q. What is x(11)?
5
Let c(s) = -s**3 - 13*s**2 - 34*s + 5. Let b(w) = 29*w**2 + 90*w. Let z be b(-3). What is c(z)?
-13
Let a = -89 + 108. Let n(g) = 1 - 3*g - 5 - a + 24. Calculate n(7).
-20
Let d(p) = -p**3 - 9*p**2 - 49*p - 589. Let i be (36/(-24))/(3/20). Calculate d(i).
1
Let o(q) be the first derivative of -1/3*q**3 + 4*q**2 + 148 + 13*q. What is o(9)?
4
Let u(g) = 2*g + 11. Let i(z) = -2*z + 1. Let r be i(-35). Suppose 2*t = -r + 55. Determine u(t).
-5
Let n(w) be the second derivative of -w**2 - 6*w + 0*w**3 - 4 + 1/6*w**4 - 1/5*w**5. Determine n(2).
-26
Suppose -l - 20 = -2*w - 11, -l = -w + 4. Let x(v) = 2*v**2 - 3*v - 8*v**2 - 6*v**2 - w + 2*v + 6*v**2 - v**3. What is x(-6)?
1
Let x(m) = 4*m**3 - 2*m**2 - 9*m - 19. Let s(k) = 5*k**3 - 3*k**2 - 8*k - 20. Let r(c) = 3*s(c) - 4*x(c). Give r(-2).
-4
Let r(u) = 8*u - 16. Let o(m) = 16*m - 34. Let a(v) = -3*o(v) + 7*r(v). Let h(b) = 10*b - 11. Let d(l) = -4*a(l) + 3*h(l). Give d(-6).
19
Let s(a) = a - 3. Let y = 286 + -296. Let o be 0 - 1 - y/2. Give s(o).
1
Suppose 13*o - 889 = 28*o + 112*o. Let q(i) = i**2 - 51. Determine q(o).
-2
Let v(f) = f**3 - 7*f**2 + 9*f - 2. Suppose -9 = -3*n, -4*q = q + 2*n - 486. Suppose -509 - 103 = -6*k. Let l = k - q. Give v(l).
16
Let r(l) = -3*l - l + 21*l**2 + l - 20*l**2 + 16 - 14. Suppose -c = 1, -x + 4*c = -3*x + 2. Let z = 5 - x. Give r(z).
0
Let h(o) be the second derivative of o**8/6720 + o**7/360 + o**6/90 + o**5/24 - 13*o**4/2 - 27*o. Let k(l) be the third derivative of h(l). What is k(-6)?
-7
Let l(m) = 46*m**2 + 2*m + 2. Let r = -4824 - -4823. Give l(r).
46
Let r = 134/41 + -145/82. Let j(v) be the second derivative of 2/3*v**4 - 1/20*v**5 + 0 - 4/3*v**3 - 8*v + r*v**2. Give j(7).
-4
Let r(o) = -o**3 - 6*o**2 + 7*o + 5. Let g be 3/1*(-896)/384. What is r(g)?
5
Let s(j) = 110 - 58 + 0*j**2 - 3*j**2 + 4*j**2 - 51 + 18*j**3 - 2*j. Let y(h) = 18*h - 197. Let z be y(11). What is s(z)?
18
Suppose 0 = -3*w - v + 4*v + 12, 4*w - 5*v = 19. Let t(s) be the second derivative of 1/20*s**5 - 1/3*s**3 + 0 + 9*s + 1/2*s**2 + 0*s**4. What is t(w)?
0
Let y(b) be the third derivative of b**6/120 + b**5/15 + b**4/24 - 5*b**3/6 - 18*b**2 - 5*b. Suppose -5 = 4*o + 11. What is y(o)?
-9
Let m(x) = 17*x**2 - 10*x + 17*x**2 - 45*x**2 + 12*x**2 - 7 - 8. What is m(14)?
41
Suppose -80 = 4*n - 4*q, 2*n - 3*q = -0*n - 44. Let g be n/104 + 15916/26. Let o(i) = -g*i + 613*i - 2 - 12. Give o(6).
-8
Let o = 13 + -17. Let s = -7 - o. Let p(l) = -66*l - 4 + 135*l - 73*l. Determine p(s).
8
Let a be 183/21 + 6/21. Suppose 16*v - 22*v = -3528. Let w(q) = -11 - 1171*q + v*q + 585*q. Determine w(a).
7
Suppose -4*w + 718 = -3*j, -4*w + 388 + 342 = 3*j. Let g = w - 178. Let t(p) = -p**3 + 3*p**2 + 3*p - 4. Give t(g).
5
Let z(x) = -x**2 + 7*x + 2. Let w(f) = -f**3 - 3*f**2 + f + 2. Let y be w(-3). Let o(d) = -d. Let h(v) = y*z(v) - 2*o(v). What is h(6)?
4
Suppose -12 = -9*q + 5*q. Let k(z) be the first derivative of -z**2/2 + 7*z + 194. Calculate k(q).
4
Let d(m) = m**2 + 48*m + 3. Let g(q) = 7*q**2 + 237*q - 667. Let c(a) = 6*d(a) - g(a). What is c(-11)?
3
Let z(s) = 42*s + 234. Let j be z(-5). Let w be (j/(-32))/(6/24). Let n(b) = 2*b**2 - 4*b - 3. Determine n(w).
27
Suppose -2*a + 4*z = -120, 168 = 3*a + 2*z + 4. Let n = a + -62. Let k be (-2)/10*15/(n/2). Let p(i) = 2*i + 1. Determine p(k).
3
Let z = 263 + -261. Let n(x) = 178 - z*x - x**2 - 183 - 6*x. Let o = -6 + 0. What is n(o)?
7
Let d = 274 + -270. Let t(m) = -3*m + 0*m + d + 0*m + 16*m + m**2. Determine t(-10).
-26
Let j be 524*(21/(-56))/(3/(-2)). Let d = -132 + j. Let l(u) = -44*u**2 - 1. Determine l(d).
-45
Let s(r) = -2. Let k(c) = -6*c - 5. Let d(z) = -z. Let j(l) = 5*d(l) - k(l). Let o(b) = -4*j(b) - 11*s(b). Give o(2).
-6
Let z(t) = t**3 - 10*t**2 + 11*t - 9. Suppose -p + 0*p + 4*f = -10, 2*p - f = 6. Let x be -5 - p/2 - -15. Calculate z(x).
9
Let k(q) be the first derivative of q**3/3 + 11*q**2/2 + 9*q - 1. Let f = -983 + 979. Let o = -14 - f. Determine k(o).
-1
Let x = 152 + -148. Suppose -i - i + x*u - 16 = 0, 5*u = 5. Let h(l) = l**3 + 6*l**2 - 4*l - 9. Calculate h(i).
15
Let h(y) = -y**3 + 6*y**2 - 2. Let w = -949 - -945. Let m(g) = -3*g - 2. Let x be m(-4). Let r = w + x. Calculate h(r).
-2
Let f(h) = -h**2 + 7*h - 5. Let j be f(7). Let c(d) = 35*d**2 + 31*d + 66. Let u(k) = k**2 + k + 2. Let z(q) = c(q) - 36*u(q). What is z(j)?
-6
Let b(v) = -441*v - 34. Let t(g) = -312*g - 22. Let k(i) = 5*b(i) - 7*t(i). What is k(-3)?
47
Let v(r) = -2*r**3 + 1. Let k(z) = -z**3 + 43*z**2 - 41*z - 43. Let x be 36 - (-13)/(78/36). Let o be k(x). Determine v(o).
3
Let d(l) = l**2 + 6*l + 2. Let c(k) = k**2 + 21*k - 199. Let g be c(-28). Calculate d(g).
-7
Let u(y) be the first derivative of y**2 + 24*y - 1014. What is u(-14)?
-4
Let a(r) = r**2 + 9*r + 8. Let m = -3818 - -3810. Calculate a(m).
0
Let w(y) = y**2 - 4*y - 1. Let r(q) = 78*q - 539. Let x be r(7). Give w(x).
20
Suppose v + 32 = 3*v + 3*d, -4*v - 5*d = -66. Let l(t) = t**2 - 3 - 2*t**2 - v*t + 23*t. What is l(3)?
0
Let w(f) = f**2 + 10*f - 67. Suppose 12*a - 5*o = 15*a, 5*o = -4*a + 5. Give w(a).
8
Let a(t) = t**3 - 9*t**2 - 3*t - 1. Suppose 21*j = 49 + 140. Calculate a(j).
-28
Let n(z) = -z**3 - 5*z**2 + 2. Let a = -158 + 153. Give n(a).
2
Let l(o) be the third derivative of 3*o**4/8 - 101*o**3/6 - 2897*o**2. Determine l(10).
-11
Let y(v) = v**3 - 5*v**2 + 2*v - 1. Suppose -3*k - 3*b + 270 = 0, 3*b + 100 = k + 14. Suppose k = -5*j + 14. Let t = 18 + j. Give y(t).
-13
Let w(y) = 3*y**2 + 33*y - 3. Let i(s) = 21*s**2 + 222*s - 21. Let p(h) = -4*i(h) + 27*w(h). Suppose -b + 3 = -2. Let o be (15/2)/b*2. What is p(o)?
-15
Let a(q) = 19*q - 11 - 63*q - 2*q**2 + 25*q + 0*q**2. Let y be a(-9). Let f(b) = 2*b - 3. Let i(h) = -h + 2. Let c(l) = 4*f(l) + 5*i(l). What is c(y)?
-8
Let d(l) be the third derivative of l**7/5040 - l**6/120 + 151*l**5/60 - l**2 - 2*l. Let h(g) be the third derivative of d(g). Calculate h(13).
7
Let p(k) be the third derivative of 5*k**4/12 - 85*k**3/6 - 645*k**2 - 2*k - 2. What is p(8)?
-5
Let n(f) = f**2 - 3*f - 5. Suppose 82*w = 81*w + 4. Suppose 2*u = -8*r + w*r - 4, r + 6 = -3*u. Calculate n(r).
-5
Let v(y) = 0 - 461*y + 495*y - 3. Let q be v(1). Let d be 27/(-63) - q/(-7). Let l(s) = s**3 - 3*s**2 - 3*s + 1. What is l(d)?
5
Suppose 3*g + 2*j = 985, 0*j - 3*j = g - 319. Let b(k) = 332*k**3 - g*k**3 + 5*k**2 + 9*k + 4*k**2 - 7. Calculate b(-8).
-15
Suppose 81*m - 100*m - 152 = 0. Let j(n) be the second derivative of n**5/20 + 5*n**4/6 + 11*n**3/6 - n**2/2 + 338*n. Determine j(m).
39
Let s be (-11)/((-17)/68*-4). Let v(x) = x**3 + 16*x**2 + 14*x - 19. Let w(m) = m**2 + m - 1. Let y(b) = v(b) - 4*w(b). Calculate y(s).
-4
Suppose -r - 401 + 1052 = -3*p, 5*p - 5*r = -1095. Let i = p - -213. Let j(z) = 3*z**2 + 1. Calculate j(i).
28
Let c = -2252 + 2240. Let p(s) = -9*s - 110. Give p(c).
-2
Let y(r) be the third derivative of -r**6/120 + 2*r**5/15 + r**4/24 - 13*r**3/6 + 11*r**2 - 2. Let o be y(8). Let g(d) = -3*d -